. What are the prime factors of b(u)?
3, 13
Suppose -230*u + 2151723 = -89615 - 115242. What are the prime factors of u?
2, 47, 109
Suppose 145*g - 15 = 140*g. Let d = 76 - 43. Suppose 10 = h + w, 0*h + d = g*h + 4*w. List the prime factors of h.
7
Suppose 2*n - 284475 = -73*n. What are the prime factors of n?
3793
Let x(z) = 7*z - 61 - 4*z + 26. Let w be x(11). What are the prime factors of (12/w)/((-104)/50 - -2)?
3, 5
Let d = 30 - 34. Let f be 0/(-3) + d - -137. Suppose f = 2*z + 9. List the prime factors of z.
2, 31
Let u(d) = 7533*d - 74. What are the prime factors of u(1)?
7459
Let c = -32 - -44. Suppose -2*s = s - c. Suppose -4*w - 157 = -7*w - 2*o, 2*w - 110 = s*o. List the prime factors of w.
53
Suppose -5*h + 237 = 222. Suppose 13*r + h*r - 16144 = 0. List the prime factors of r.
1009
Suppose 5*t - 6982 = -k, 0 = -t + k + 1479 - 85. Let u = 2756 - t. List the prime factors of u.
2, 5, 17
Let i(v) = v**3 + 2*v**2 + v + 27. Let o(b) = 4*b + 16. Let w be o(-4). Let m be w + 0 + (-12 - -12). List the prime factors of i(m).
3
Let c = 32715 + 5011. What are the prime factors of c?
2, 13, 1451
Let v(h) = 25*h + 97. Let l be v(-4). Let u(i) = 124*i**2 + 6. What are the prime factors of u(l)?
2, 3, 11, 17
Let f be (19 + -31)*(4/(-6) + 1). Let s be (-16)/f + -117 + 0. Let o = 64 - s. What are the prime factors of o?
3, 59
Let r = -49 + 51. Suppose r*p - 2*j = -240 + 1860, 2*j = p - 806. Suppose 0 = -8*l + 18 + p. What are the prime factors of l?
2, 13
Suppose -8*f + 21*f = -5408. Let n = f + 693. List the prime factors of n.
277
Suppose -5*m + 5*m = 4*m. Let u(d) = 0 + 8 - 21*d + m. List the prime factors of u(-6).
2, 67
Suppose -105 + 899 = 3*a - 2*h, a = 2*h + 258. Let b = -1011 - -1018. Suppose 5*j = b*j - a. List the prime factors of j.
2, 67
Let n = 45341 + -31960. List the prime factors of n.
13381
Let o = -3 + 8. Let d(i) = i**3 + 10*i**2 + 2*i - 2. Let m be d(-5). Suppose 0 = -o*q + 667 + m. What are the prime factors of q?
2, 3, 13
Suppose -4*h + 6*h = -2*h. Let q be (-1 + h)*3 + 14 + -14. Let w(o) = -66*o - 19. List the prime factors of w(q).
179
Let m = -3650 - -11295. List the prime factors of m.
5, 11, 139
Let r be (-2 + (-16)/(-3))/((-24)/(-18216)). Suppose 0 = 45*y - 34*y - r. What are the prime factors of y?
2, 5, 23
Let k(h) be the third derivative of 15*h**4/8 + 14*h**3/3 - 8*h**2. Let b be k(6). Let q = -186 + b. List the prime factors of q.
2, 7
Let j(t) = -2*t**3 - 8*t**2 + 5*t + 32. List the prime factors of j(-17).
3, 829
Let d be (-87)/3*4 + 0. Let y = 444 + d. List the prime factors of y.
2, 41
Let p(q) = 4*q**3 + 2*q**2 - 2*q + 7. Let w(m) = m**3 + 5*m**2 + m - 8. Let y be w(-4). List the prime factors of p(y).
7, 41
Suppose -19*r - 4*y = -21*r + 30866, -5*r + y + 77174 = 0. List the prime factors of r.
3, 5, 7
Suppose 35*m = -137879 + 36484. Let i = -1707 - m. List the prime factors of i.
2, 5, 7, 17
Let j(m) = -m**2 + 11*m - 15. Let x be j(9). Suppose -302 = -5*s - b, -x*s = 3*b - 143 - 43. Suppose 4*q - q = s. List the prime factors of q.
2, 5
Let k = 2918 - 2900. Let f(a) = 4*a + 50 + 3*a - 2*a. What are the prime factors of f(k)?
2, 5, 7
Let l = -3444 + 7500. List the prime factors of l.
2, 3, 13
Let l(i) = 13*i**2 + 3*i + 4. Let n(g) = -201*g - 13*g**2 - 26*g**2 + 191*g - 12. Let m(c) = -8*l(c) - 3*n(c). What are the prime factors of m(-4)?
2, 47
Suppose 4*a - 5*s = 30, -14 = 15*a - 19*a - 3*s. Suppose 0 = l - 3*y - 2*y - 110, 0 = -a*l + 5*y + 570. List the prime factors of l.
5, 23
Let k = -1689 - -3936. List the prime factors of k.
3, 7, 107
Suppose -p + 2594 = 3*j, 12*p - 9*p + 5*j = 7790. Suppose 14*f - p = 9*f. List the prime factors of f.
2, 5, 13
Let r(z) = -173*z + 20. Let m be r(-17). Let q be (-1)/(-4) - (3 + m/(-28)). Let y = -4 + q. What are the prime factors of y?
3, 11
Suppose -69*f - y + 11733 = -68*f, 3*f - 35207 = -y. List the prime factors of f.
11, 97
Suppose -s = -30 - 32. Let a(z) = -z**3 + 35*z**2 + 82*z - 101. Let d be a(37). Suppose s*f - 63*f + d = 0. What are the prime factors of f?
3, 5, 13
Let q(t) = 3222*t - 1007. List the prime factors of q(7).
29, 743
Let t(y) = -106*y + 1288. List the prime factors of t(-58).
2, 11, 13
Let o(w) = w**3 + 4*w**2 + 5*w + 5. Let z be o(-2). Suppose z*l - 2*x - 7 + 25 = 0, l = -x - 1. What are the prime factors of (9/(-1))/(1/l)?
2, 3
Suppose 382462 - 911501 = -71*a + 451329. List the prime factors of a.
2, 863
Suppose -22 = -4*k - 10. Suppose 320 = -0*y + 5*y. Suppose 0 = -q - k*w + 34, -y = -q - 0*q + 3*w. What are the prime factors of q?
7
Suppose 3*a + 0*a - 29 = v, -47 = -5*a + v. Let y(w) = 3*w**2 - w - 10. Let d be y(a). Suppose -d = -2*u - 70. What are the prime factors of u?
7, 11
What are the prime factors of (122499/36)/((-9)/(-12))?
13, 349
Suppose -4*h = u - 528, 646 = u + 5*h + 124. What are the prime factors of u?
2, 3, 23
Suppose -4*g - 190 = 74. What are the prime factors of (-22)/g + -50*(-16)/3?
3, 89
Let i = -11401 - -21288. What are the prime factors of i?
9887
Let x(a) = -498*a - 14161. What are the prime factors of x(-130)?
37, 1367
Let o(m) = -56*m**2 + 2*m + 1. Let p be o(-1). Let r = 157 - 88. Let s = r + p. List the prime factors of s.
2, 3
Suppose 597*x - 623*x = -820742. List the prime factors of x.
31567
Let w(v) = v**3 - 50*v**2 + 118*v - 91. What are the prime factors of w(58)?
5, 6733
Suppose -17*p - 7*p - 5*p + 464957 = 0. What are the prime factors of p?
16033
Let v = -130 + 228. Let g = v + -93. Suppose 4*s = 2*j - 281 - 109, 2*j - g*s = 385. What are the prime factors of j?
5, 41
Let u(z) = -17*z + 4. Let h(t) = -t**3 + 9*t**2 - t + 3. Let y be h(9). Let b be u(y). Let k = b + 45. List the prime factors of k.
151
Suppose -81 = -n - 8*n. Let b(w) = -13*w. Let r(g) = 53*g - 1. Let h(q) = n*b(q) + 2*r(q). What are the prime factors of h(-1)?
3
Let o(d) = 2*d + 21. Let v be o(-8). Suppose 99 + 36 = v*c. Suppose c*g + 76 = 28*g. What are the prime factors of g?
2, 19
Let d = 15060 + -8652. List the prime factors of d.
2, 3, 89
Let v = 95 - 93. Suppose 5*a - 4*s - 1707 = 0, 4*a = -v*s - s + 1347. What are the prime factors of a?
3, 113
Suppose 9*i = 4*g + 6*i - 44, 0 = 4*g + 3*i - 44. Suppose g*h = 48*h - 15836. List the prime factors of h.
2, 107
Suppose 0 = 3*r - 6. Let t = -856 + 241. List the prime factors of r + -3 - t/5.
2, 61
Let h(f) = 2*f - 6. Let x be h(4). Suppose o - 4 = -x. Suppose 0*v - 4*v - o*q = -894, -4*v - 4*q + 888 = 0. What are the prime factors of v?
3, 5
Let k(x) be the second derivative of -x**4/4 + 20*x**3/3 + x**2 - 25*x. Let j(t) be the first derivative of k(t). List the prime factors of j(-14).
2, 31
Let g = -108 + 183. Let m = 61 + g. Let i = m + -131. What are the prime factors of i?
5
Let q(w) = -w + 173. Let x be q(27). Suppose 0 = -138*t + x*t - 11800. What are the prime factors of t?
5, 59
Let n(w) = -w - 21. Suppose -3*y + 3*b = 6, -5*b + 13 = 3. Let m be n(y). What are the prime factors of (m*(-2)/(-4))/((-3)/14)?
7
Suppose -4*g + 141 = -o, -o - 4*g + 2 - 151 = 0. Let n = 147 + o. Suppose -2*w + 5*w - 134 = 2*h, 68 = n*w + 4*h. What are the prime factors of w?
2, 3, 7
Suppose 0 = -2*i + 12*a + 53358, 13*i = 11*i + 5*a + 53330. List the prime factors of i.
3, 5, 1777
Suppose 3*z = 2*u - 53, 59 = 2*u - 2*z + 1. Suppose 11*p = u + 10. Suppose 0 = -p*d + 696 + 152. List the prime factors of d.
2, 53
Suppose 40*t - 41*t + 3 = 0. List the prime factors of t/(-4*3/(-2140)).
5, 107
Let v = 19587 + -8572. What are the prime factors of v?
5, 2203
Suppose 0 = -3*k - 3*d - 174, -6*k + 4*d - 281 = -k. Let g = -26 + 24. List the prime factors of ((-40)/(-30))/(g/k).
2, 19
Suppose 3*b = 2*r - 61975, 0 = -27*r + 25*r - 4*b + 61968. List the prime factors of r.
2, 15493
Suppose r + 7*c - 11*c - 5353 = 0, 3*c = 3*r - 16032. List the prime factors of r.
7, 109
What are the prime factors of -2 + (0 - 5) + (-75264)/(-48)?
7, 223
Let r = 169 + 232. Let o = -81 + r. What are the prime factors of o?
2, 5
Suppose 5*m - 5*z - 335080 = 0, 56*m - 59*m + 5*z + 201062 = 0. What are the prime factors of m?
113, 593
Suppose 10*d = 840 + 820. Suppose -50 = -z + d. Suppose 3*s - 5*s - 4*k = -z, s - 104 = 2*k. What are the prime factors of s?
2, 53
What are the prime factors of 15 + (-91936)/(-17) + 0?
11, 17, 29
Le